inder when s is divided by u?
9
Suppose 2*v - 5*v + 15 = 0. Suppose v*n - 8 = 2. Suppose -5*f = -3*k + 157, -4*k = -n*f + f - 198. Calculate the remainder when k is divided by 17.
15
Suppose 16 = 5*g - 5*d + 4*d, 4*d - 4 = 3*g. Suppose g = 5*z - 1. What is the remainder when z is divided by 1?
0
Suppose 4*n = -0*n + 92. Let y be 4/6*(-60)/(-8). What is the remainder when n is divided by (-6 + 36)*2/y?
11
Let z(h) = h + 1. Let c be z(-7). Let t = c + 27. Suppose 0 = -2*i - t + 67. Calculate the remainder when i is divided by 12.
11
Suppose -5*v + 14 = -6. Suppose 6*a = v*a - 24. Let j = -4 - a. Calculate the remainder when 22 is divided by j.
6
Let h(l) = -l**3 + 8*l**2 - 4*l + 2. Let d be h(7). Let n = -15 + d. What is the remainder when n/6 + 4/6 is divided by 1?
0
Suppose -3*g - 2*a = -628, -5*a = g - 183 - 9. What is the remainder when g is divided by 54?
50
Let l(r) = 3*r**3 - 3*r**2 - r - 2. Calculate the remainder when l(3) is divided by 13.
10
Suppose 0 = -d + 153 + 24. What is the remainder when (0 - 1) + (-205)/(-5) is divided by d/12 + 9/(-12)?
12
What is the remainder when 54 is divided by (1 - -4)*(-114)/(-30)?
16
Let m = 7 - 5. Suppose -3*w + p = -33, w - 33 = -m*w + 5*p. What is the remainder when w is divided by 3?
2
Let p be 3 + (0 - 1 - 11). Calculate the remainder when (-2)/(0 - (-2)/p) is divided by 3.
0
Let g(p) be the third derivative of p**4/12 - p**3/6 + 2*p**2. Let d = -2 + 23. What is the remainder when d is divided by g(6)?
10
Let o(i) = -i**3 - 9*i**2 + 8*i - 14. Calculate the remainder when 35 is divided by o(-10).
5
Let i(h) = 3*h**2 + 1. Let p be i(1). Suppose 3*d - 3*a - 15 = 0, -4 = 5*d - d + p*a. Let r(v) = v**2 - v + 1. What is the remainder when r(d) is divided by 2?
1
Let l be (2 - -1) + (-2)/2. Suppose -11 = -0*n + l*n + 5*i, 5*n + 4*i = 15. What is the remainder when 13 is divided by n?
6
Let g = -21 - -34. Let t be 21 - 1 - (2 + -1). Let c = 6 + t. What is the remainder when c is divided by g?
12
Let q = -131 + 156. Let t(z) = -2*z + 3. What is the remainder when q is divided by t(-3)?
7
Suppose -2*g + 3*u = -191, -3*g + 0*u = 3*u - 249. What is the remainder when g is divided by 15?
13
Let i be (-10)/(-3) - (-14)/21. Suppose 0 = 2*q - 0*u + i*u - 10, 0 = -3*u - 9. Calculate the remainder when q is divided by 6.
5
Let l = 108 - 63. Calculate the remainder when 178 is divided by l.
43
Suppose 0 = 18*p - 16*p - 108. What is the remainder when p is divided by 20?
14
Let o(h) = -h**3 - 2*h**2 + 3*h + 1. Let r be o(-3). Let p be 2 - (3 + -5 - -16). What is the remainder when 4 is divided by r/3 + (-32)/p?
1
Let x(r) = 2*r**2 + 1. Let s = -5 - -3. Calculate the remainder when 25 is divided by x(s).
7
Let h(f) = -f**2 + 3*f + 1. What is the remainder when (-2)/(-13) - (-77)/91 is divided by h(3)?
0
Let o = 45 - 25. Let c = o - 11. Suppose -g - 48 = -3*g. Calculate the remainder when g is divided by c.
6
Suppose -5*y + 5*m + 15 = 0, -2 = 5*y + 2*m + 4. Suppose 0 = 5*f - 4*s - 332, -4*s + y*s = 3*f - 212. What is the remainder when f is divided by 23?
22
Let v(f) be the first derivative of -f**4/4 + 2*f**3 - 5*f**2/2 + 4*f - 7. What is the remainder when 47 is divided by v(4)?
15
Suppose u + a - 290 = 106, 3*u = 5*a + 1188. What is the remainder when 4/(-14) - u/(-14) is divided by (-117)/(-12) + (-1)/(-4)?
8
Let q = -5 - -9. Let l = 6 - q. What is the remainder when 62 is divided by -4*l*(0 - 2)?
14
Let k = -99 - -132. Calculate the remainder when k is divided by 12.
9
Let c(b) = 10*b**3 + 2*b + 1. Let o be c(-1). Let a = -6 - o. Suppose d = a + 9. What is the remainder when 53 is divided by d?
11
Let j = -174 + 257. Let d = j + -27. Suppose d = f - 11. What is the remainder when f is divided by 23?
21
Let w(g) = -6*g + 26. Calculate the remainder when w(-5) is divided by 19.
18
Let c = 56 - 29. What is the remainder when c is divided by -28*(10/4)/(-5)?
13
Let p be (9/5)/(3/(-15)). Let s = 40 + p. What is the remainder when s is divided by 16?
15
Let p(n) = -n**3 - 3*n**2 + 7*n. Let w(b) = -b**3 + 3*b + 7*b + 11 - b**2 - 6*b**2. Let o be w(-8). Calculate the remainder when p(o) is divided by 6.
3
Let o(z) = 2*z**3 - 5*z**2 - 6*z - 5. Let c be o(5). Suppose 4*x = c + 50. Calculate the remainder when x is divided by 24/2 - (0 + 0).
11
What is the remainder when 2/(3*(-2)/(-153)) is divided by 53/4 - (-13)/(-52)?
12
Suppose 4*t - 2*v = 6*t - 30, -2*t + 28 = 3*v. Let g(n) = -n - 4. Let f be g(-5). Suppose -3*i + f = -t. What is the remainder when 11 is divided by i?
5
Let x = -6 - -22. Let a(v) = 12*v - 38. What is the remainder when a(7) is divided by x?
14
Let u(v) be the third derivative of -11*v**4/24 + v**3/3 - 2*v**2. Calculate the remainder when u(-4) is divided by (32/(-3))/(4/(-6)).
14
Suppose -4*a = -3*a. Suppose a = 2*j - 3 - 47. What is the remainder when j is divided by 9?
7
Let q(i) = -17*i + 7. Let b be q(-7). Let l = -63 + b. What is the remainder when l is divided by 16?
15
Let i(k) = -2*k**3 - 4*k**2 - 4. Let c be i(-3). Suppose -4*t + c = -3*t. What is the remainder when 27 is divided by t?
13
Let v = 17 - 8. Suppose 43 = 5*y - 4*g - 46, y - 3*g - v = 0. Calculate the remainder when y is divided by 11.
10
Suppose 0 = 5*i + 4*c - 134, c + 4*c = -i + 10. Calculate the remainder when 118 is divided by i.
28
Suppose h - 10 = -h. Suppose h*s = -5*q - 4 + 44, q + 28 = 2*s. Suppose 2*p - 4*p + s = 0. Calculate the remainder when 10 is divided by p.
4
Let c(q) = 3*q**2 - 8*q + 2. What is the remainder when 34 is divided by c(4)?
16
Let i = 2 + 1. Suppose -16 = -i*z + 8. Calculate the remainder when z is divided by 3.
2
Let z = 34 + 108. What is the remainder when z is divided by 24?
22
Suppose -m - 10 = -z - 2*z, 0 = 2*z + m. Suppose -z = o + 10. What is the remainder when 16 is divided by ((-4)/(o/(-27)))/(-1)?
7
Let l = 39 + -6. Suppose 0 = 2*j, -2*j - j + l = b. What is the remainder when b is divided by 9?
6
Let f(l) = l**2 - 7*l + 11. What is the remainder when 69 is divided by f(8)?
12
Let a = -116 - -177. What is the remainder when a is divided by 8?
5
Calculate the remainder when 64 is divided by -3*(-5 - 20/(-15)).
9
Calculate the remainder when -2*(-3 - 268/4) is divided by 48.
44
Let x = 16 - 9. Let t = -4 + 3. Let m = t - -5. Calculate the remainder when x is divided by m.
3
Let d(q) = q - 3. Calculate the remainder when 3 is divided by d(6).
0
What is the remainder when 16 is divided by (-2)/4*6*-2?
4
Let z = -31 + 54. Suppose -5*f - 5*l + z = -f, f + 3*l = 4. What is the remainder when 19 is divided by f?
5
Suppose -8*u = -11*u + 18. Let w(m) = m**3 - 6*m**2 + m + 6. What is the remainder when w(u) is divided by 7 - -1 - 2/2?
5
Let a(y) be the first derivative of y**4/4 + 4*y**3/3 - y**2/2 - 2*y + 2. Calculate the remainder when 28 is divided by a(-3).
8
Suppose -5 = m, 0*h - 5*m - 53 = -4*h. Let r = -5 + h. What is the remainder when ((-1)/3 + 1)*6 is divided by r?
0
Let p = 47 + -24. What is the remainder when p is divided by 5?
3
Let s(z) = -5*z + 45. What is the remainder when 29 is divided by s(8)?
4
Let s(i) = -i**3 + 3*i**2 - 2*i - 4. Let a be s(3). Let d be 12/(-30) + (-4)/a. Suppose 3*h - h - 38 = d. What is the remainder when h is divided by 10?
9
Suppose 5*d - 3*y - 55 = -8*y, 0 = 4*d + 2*y - 48. What is the remainder when 142 is divided by d?
12
Suppose g = 5*v - 23, 2*g - 4*g - 21 = -5*v. Suppose 113 = 5*x - 4*s, -g*x + s + 6 = -38. What is the remainder when 62/((-2)/(-2)) - 1 is divided by x?
19
Let w = 1 + 4. Let l = -68 - -95. Suppose 54 = 5*x - 2*x - 5*t, 3*x - l = -4*t. Calculate the remainder when x is divided by w.
3
Suppose m + 0*t + 8 = 5*t, 0 = 2*m - 3*t + 2. Suppose m*z = -z + 24. Let a = z - 4. Calculate the remainder when 6 is divided by a.
2
Suppose -2*r - 3*r + 4*q + 157 = 0, -r - 4*q = -41. Calculate the remainder when r is divided by 0 + 14 + 3 + -5.
9
Suppose -9*p = -4*p - 130. What is the remainder when p is divided by 15?
11
What is the remainder when 4/10*(2 - -63) is divided by 14?
12
What is the remainder when -1 + 0 + 64 + 6 is divided by 18?
15
Suppose -5*u + 16 + 39 = 0. Calculate the remainder when 41 is divided by u.
8
Suppose z - 21 - 43 = 0. Calculate the remainder when z is divided by 178/8 + 3/(-12).
20
Let w(o) = o**3 - 5*o**2 - 2*o - 5. Le